de 38560640?
False
Is 1021140022 a multiple of 1452?
False
Is 622 a factor of 195803508?
False
Is 879 a factor of 64368739?
False
Is 33 a factor of 82911114?
True
Is 636235180 a multiple of 35?
True
Does 7347 divide 158584995?
True
Does 7445 divide 687467198?
False
Is 2283960376 a multiple of 424?
True
Does 27 divide 507124935?
True
Does 1572 divide 97769133?
False
Is 35309670 a multiple of 5?
True
Is 12053940 a multiple of 30?
True
Is 111932986 a multiple of 89?
True
Is 120209424 a multiple of 419?
True
Is 825267814 a multiple of 166?
False
Is 60395417 a multiple of 13?
False
Does 3627 divide 339338493?
True
Is 1123 a factor of 125192506?
False
Is 537805890 a multiple of 1098?
True
Is 369417482 a multiple of 2026?
False
Does 15 divide 27037069?
False
Is 18 a factor of 73413468?
True
Does 92 divide 4318345?
False
Does 1191 divide 500355774?
True
Does 963 divide 104626098?
True
Does 577 divide 13917240?
True
Is 29 a factor of 109410156?
True
Is 80 a factor of 1112172800?
True
Is 1857989681 a multiple of 15?
False
Is 1132 a factor of 487072432?
True
Is 697109938 a multiple of 5393?
False
Does 234 divide 107002818?
True
Is 138 a factor of 2648634?
True
Does 412 divide 1851528?
True
Does 124 divide 16718605?
False
Is 339 a factor of 62307629?
False
Does 3481 divide 119520722?
False
Is 9327372 a multiple of 79?
True
Does 6 divide 277559600?
False
Is 4118820352 a multiple of 1214?
True
Is 139 a factor of 2655354289?
False
Is 501293025 a multiple of 3825?
True
Is 463 a factor of 63965302?
True
Is 86947716 a multiple of 79?
True
Does 75 divide 1620916425?
True
Is 131 a factor of 18676277?
True
Does 67 divide 5765149?
True
Is 36072615 a multiple of 5?
True
Is 11 a factor of 235931212?
True
Is 21 a factor of 220634797?
False
Does 6 divide 11202139?
False
Does 612 divide 62508684?
False
Does 1237 divide 155499559?
True
Is 20610567 a multiple of 554?
False
Is 1724631 a multiple of 1039?
False
Is 510 a factor of 20537650?
False
Is 17 a factor of 304181734?
False
Is 6159 a factor of 30647184?
True
Is 33 a factor of 1448981877?
False
Is 534 a factor of 29660948?
False
Is 132 a factor of 6156425?
False
Is 380937009 a multiple of 57?
False
Is 446 a factor of 131485740?
False
Is 43343062 a multiple of 137?
False
Is 561579610 a multiple of 21?
False
Is 26281493 a multiple of 53?
False
Does 4 divide 13709696?
True
Does 14 divide 27190973?
False
Is 80732121 a multiple of 6173?
False
Is 8965716 a multiple of 41?
True
Is 458910386 a multiple of 1286?
True
Does 3440 divide 148828160?
True
Does 40 divide 964684160?
True
Is 14010215 a multiple of 1039?
False
Does 38 divide 244264?
True
Is 101170945 a multiple of 1913?
False
Is 160766827 a multiple of 169?
True
Is 3005519516 a multiple of 254?
True
Does 109 divide 324991118?
False
Does 245 divide 12051994?
False
Is 274556849 a multiple of 61?
False
Does 44 divide 1313638042?
False
Is 101 a factor of 879789992?
True
Is 109099647 a multiple of 491?
False
Does 135 divide 20414045?
False
Does 930 divide 114367016?
False
Is 10 a factor of 692905970?
True
Is 422306480 a multiple of 890?
False
Is 2033 a factor of 3053563967?
True
Is 17759616 a multiple of 128?
True
Does 15 divide 633375930?
True
Does 44 divide 16256833?
False
Does 733 divide 71875048?
True
Is 3644968 a multiple of 9?
False
Does 1391 divide 244198396?
True
Is 3496177020 a multiple of 140?
True
Does 89 divide 3387751528?
False
Is 161235208 a multiple of 5848?
True
Is 1063 a factor of 1254517521?
True
Is 263851924 a multiple of 173?
False
Is 52 a factor of 20317556?
False
Is 639 a factor of 40550940?
True
Does 432 divide 105143014?
False
Is 6 a factor of 1979140?
False
Does 1881 divide 2648665?
False
Is 86 a factor of 110652932?
True
Is 447133050 a multiple of 1830?
True
Is 238085172 a multiple of 507?
True
Is 843768520 a multiple of 574?
True
Does 440 divide 234946210?
False
Is 1262200481 a multiple of 139?
True
Does 366 divide 15708032?
False
Is 6 a factor of 30249984?
True
Is 248037531 a multiple of 6?
False
Does 929 divide 28939639?
False
Does 57 divide 141867719?
False
Does 631 divide 90778636?
False
Does 20 divide 85168607?
False
Is 7 a factor of 114999444?
True
Does 9 divide 273499346?
False
Is 104 a factor of 176702220?
False
Does 12 divide 34497477?
False
Is 10 a factor of 36552460?
True
Does 11 divide 7096717?
False
Does 30 divide 32789645?
False
Does 375 divide 1735103199?
False
Is 1364282325 a multiple of 26?
False
Is 138218720 a multiple of 134?
False
Is 3 a factor of 5445274?
False
Is 1836932364 a multiple of 9714?
False
Is 919058 a multiple of 32?
False
Is 52 a factor of 9684997?
False
Is 23 a factor of 23224918?
False
Is 1106274532 a multiple of 24?
False
Does 61 divide 167193436?
True
Is 46567030 a multiple of 2?
True
Does 210 divide 157467450?
True
Is 69650946 a multiple of 157?
False
Is 272045648 a multiple of 6517?
True
Does 284 divide 191917828?
True
Does 2335 divide 70179611?
False
Is 404787188 a multiple of 142?
True
Is 74576 a multiple of 16?
True
Is 136 a factor of 1604800?
True
Is 86095944 a multiple of 18?
True
Is 2887384242 a multiple of 795?
False
Does 127 divide 8525256?
True
Does 73 divide 13437913?
True
Is 673069752 a multiple of 18?
True
Is 5595565 a multiple of 706?
False
Is 103 a factor of 90263329?
True
Does 7 divide 343105940?
False
Is 2248 a factor of 618747888?
False
Is 262904471 a multiple of 1399?
False
Does 69 divide 135416421?
False
Is 363992355 a multiple of 15?
True
Is 1026981934 a multiple of 121?
True
Does 9 divide 240747919?
False
Is 4 a factor of 545035972?
True
Is 62 a factor of 7742002?
True
Is 8 a factor of 30770120?
True
Does 22 divide 31098496?
True
Is 49 a factor of 28052215?
False
Is 33001401 a multiple of 728?
False
Is 4123850 a multiple of 120?
False
Does 15 divide 78604005?
True
Is 27261548 a multiple of 4574?
False
Is 251 a factor of 19880706?
True
Does 18 divide 134281732?
False
Is 655 a factor of 11333465?
True
Does 398 divide 588474591?
False
Is 76206 a multiple of 5?
False
Does 1011 divide 590747427?
False
Does 69 divide 37149393?
True
Is 41636543 a multiple of 409?
False
Does 59 divide 70137961?
True
Is 1830314147 a multiple of 8526?
False
Is 481 a factor of 51288941?
False
Is 642266352 a multiple of 63?
True
Does 7 divide 142114950?
False
Does 18 divide 127057104?
True
Is 695 a factor of 129651555?
True
Does 1441 divide 62817513?
True
Is 382 a factor of 379013906?
True
Does 34 divide 58217329?
False
Is 11 a factor of 102384579?
True
Does 29 divide 42912861?
False
Is 87 a factor of 283214667?
True
Is 72 a factor of 37580337?
False
Is 39 a factor of 96464184?
False
Does 52 divide 5252728?
True
Does 121 divide 209285230?
True
Is 923421710 a multiple of 3819?
False
Is 502308511 a multiple of 28?
False
Is 29 a factor of 156908705?
True
Is 231 a factor of 34601490?
True
Does 13 divide 4465285221?
False
Does 77 divide 231677985?
True
Is 415 a factor of 623976100?
False
Is 345136659 a multiple of 249?
True
Does 125 divide 101652750?
True
Does 346 divide 575151692?
False
Does 606 divide 591508622?
False
Is 434 a factor of 68206572?
True
Is 1474 a factor of 685793240?
True
Is 57 a factor of 1562517858?
True
Is 76964850 a multiple of 13?
False
Is 564958050 a multiple of 25?
True
Does 66 divide 171889673?
False
Is 253711752 a multiple of 21?
True
Does 1421 divide 171570683?
False
Does 6 divide 15407323?
False
Is 12 a factor of 371031108?
True
Is 1594501128 a multiple of 1396?
False
Does 2244 divide 386667402?
False
Is 42047776 a multiple of 4?
True
Is 749614 a multiple of 61?
False
Is 221927600 a multiple of 9?
False
Is 9081849 a multiple of 23?
True
Is 19586084 a multiple of 82?
False
Is 157824100 a multiple of 2078?
True
Is 9 a factor of 10996803?
True
Does 53 divide 62284827?
False
Is 19 a factor of 9284673?
True
Does 841 divide 185570014?
True
Is 22 a factor of 677231412?
True
Is 26012850 a multiple of 50?
True
Does 107 divide 1049995066?
True
Does 105 divide 783105113?
False
Does 86 divide 28448494?
False
Is 95297028 a multiple of 12?
True
Does 16 divide 14992288?
True
Does 11 divide 48991096?
True
Does 2 divide 340049586?
True
Does 70 divide 27334798?
False
Is 120 a factor of 3119153?
False
Is 28488344 a multiple of 386?
True
Is 96 a factor of 6098208?
True
Does 10 divide 262023919?
False
Does 143 d